s divided by t.
38
Let v(k) = 5*k - 22. Let t be v(5). Suppose -y + 0*y + 4 = 0. Suppose a + a - 85 = -5*u, -t*a + 110 = y*u. Calculate the remainder when 58 is divided by a.
28
Suppose 3 + 6 = 3*s. Let b = 11 - 7. Suppose -2 = -2*j + 2*o, -b*j + o + 1 = -6. What is the remainder when s is divided by j?
1
Suppose 87 = b + 7. Let a = -51 + b. Calculate the remainder when a is divided by 16.
13
Suppose -h = 4*h - 205. What is the remainder when 24*(6 - 6/(-8)) is divided by h?
39
Let o be -2 - (-9 + (4 - 1)). Suppose 0 = -o*h + 3 + 65. What is the remainder when 33 is divided by h?
16
Suppose 95 = -5*t - 25. Let f be t*((-21)/4)/7. Let c = 4 + f. What is the remainder when 85 is divided by c?
19
Let w(y) = -9 - y**2 - 3 + 9*y + 8 + 5. What is the remainder when 57 is divided by w(7)?
12
Suppose 0 = -3*c + 33 + 3. Let f = 40 - 70. Let h = f + 35. Calculate the remainder when c is divided by h.
2
Let r = 563 + -443. What is the remainder when r is divided by 3?
0
Let o(m) be the first derivative of -m**3/3 + 4*m**2 - 8*m - 4. Let f(j) = -j**2 - 4*j + 3. Calculate the remainder when o(5) is divided by f(-4).
1
Suppose -28 = 5*f + 4*x, -2*x = -5*x + 9. Let n be (4/f)/((-2)/316). Suppose -5*v = -111 - n. Calculate the remainder when v is divided by 10.
8
Let s(t) = t**3 + 34*t**2 - 32*t + 212. Calculate the remainder when s(-35) is divided by 4.
3
Suppose 3*d + p = 4*p - 9, -3*p + 7 = -4*d. Suppose 22 = d*h + 10. What is the remainder when 35 is divided by h?
5
Let j be 2/(-4)*828/(-18). Suppose 16 = r - j. What is the remainder when r is divided by 14?
11
Let n(y) = y + 8. Let f(p) = p**2 + 7*p + 6. Let u be f(-7). Calculate the remainder when 298/6 + (-4)/u is divided by n(9).
15
Let h(y) = -y**2 + 4*y. Let a be h(3). Suppose -3*m = -5*b - 14, -m + 8 = -2*b - a*b. Suppose m*f - 12 = 24. Calculate the remainder when f is divided by 7.
5
Suppose -44 = -74*b + 70*b. Let i = b + 13. Calculate the remainder when 70 is divided by i.
22
Suppose 3*n = 7*n - 80. Let k = n - -4. What is the remainder when (-51)/(-102)*276/2 is divided by k?
21
Let i be ((-40)/(-18) - 2/9) + 6. What is the remainder when (0 - -12)/(2/i) is divided by 17?
14
Suppose 208 - 6 = -2*o. Let b = -96 - o. What is the remainder when 11 is divided by b?
1
Let w = -2 + 4. Suppose x + f - 11 = 5, -x + 16 = 2*f. Suppose x = 3*u + 5*o, 0 = 2*u - 4*u + 5*o - 6. What is the remainder when u is divided by w?
0
Suppose 0 = -2*u - 17 + 25. Suppose -3*g - n - 20 = -g, 3*g + 21 = 3*n. Calculate the remainder when 34 is divided by ((-18)/u)/(g/18).
7
Let d(t) = -2*t**3 + 15*t**2 - 8*t + 10. What is the remainder when 78 is divided by d(7)?
0
Let d(x) = -4*x - 79. What is the remainder when 389 is divided by d(-32)?
46
Let z(h) = -h**2 - 2*h - 1. Let i be z(-1). Let q(f) = -f + 42. Suppose 2*n + 0*n = 44. Calculate the remainder when q(i) is divided by n.
20
Let h = 630 - 616. What is the remainder when 306 is divided by h?
12
Suppose -1808 = 184*j - 192*j. Calculate the remainder when j is divided by 38.
36
Suppose -5*n = 20, -4*x - 3*n = -9*x + 37. Let m = 17 - x. What is the remainder when 33 is divided by m?
9
Suppose 2448 = -904*r + 916*r. Calculate the remainder when r is divided by 51.
0
Suppose -7*j = -11*j. Suppose -2*o - 6 = o, j = r - 3*o - 7. Suppose 8 = f + 7. Calculate the remainder when r is divided by f.
0
Suppose 14*i = -6*i - 12*i + 1984. Calculate the remainder when i is divided by 0 + 1 - 22/(-1).
16
Suppose -3*o + 37 = -4*m, -29*m + 9 = 3*o - 26*m. What is the remainder when 61 is divided by o?
5
Let n = 202 + -75. Suppose -2*w - 4*q = -74, 5*w + n - 323 = q. Let h = w + -6. What is the remainder when h is divided by 9?
6
Let d(q) = 2*q - 12. What is the remainder when 196 is divided by d(32)?
40
Let a = 111 - 115. Let t(i) = 3*i**2 + 3*i - 4. Suppose -4*o = -8*o + 244. Calculate the remainder when o is divided by t(a).
29
Let g be (-25)/(-9) - (66/(-54) + 1). What is the remainder when -1*(-2)/g*1620/27 is divided by 7?
5
Let z(b) = -84*b**3 - b**2 - b - 1. What is the remainder when z(-1) is divided by 7?
6
Let l(a) = a**3 - 8*a**2 + 7. Suppose 3*k + 5 + 55 = 0. Let b be (8/k)/((-2)/40). Calculate the remainder when 11 is divided by l(b).
4
Let o be ((-6)/10 - (-33)/30)*24. Suppose -2*q - 400 = -o*q. Calculate the remainder when 197 is divided by q.
37
Let q(s) be the third derivative of -5*s**4/24 - 23*s**3/3 - 24*s**2. Calculate the remainder when 10 is divided by q(-11).
1
Let h(o) = -o**3 - 9*o**2 - 2*o - 6. Let g be h(-9). Suppose n - 46 = g. Calculate the remainder when n is divided by 12.
10
Suppose -3*h + 2*k = -2*k - 128, -3*h = -k - 113. Calculate the remainder when h is divided by -4 - -17 - 5 - -5.
10
Let a = -219 - -246. What is the remainder when 132 is divided by a?
24
Let s be (-2)/(-6) + (-33)/(-9). Suppose 0 = s*k - 2*k - 36. Suppose -52*i + 3*i + 3479 = 0. What is the remainder when i is divided by k?
17
Let q(v) = 11*v - 6. Let s(c) = 25*c - 13. Let p(a) = -9*q(a) + 4*s(a). Let h = -10 - -14. Calculate the remainder when p(h) is divided by 2.
0
Calculate the remainder when 389 is divided by -1 - 110/(-5) - 2/(-1).
21
Let g = -10 - -18. Suppose 7 = c - g. What is the remainder when 44 is divided by c?
14
Let s = -140 + 142. What is the remainder when s - (-5 - (5 + 28)) is divided by 11?
7
Let k be (1/2)/((-9)/(-18)). Suppose 3*w - 127 + k = 0. Suppose -2*b + 16 = 2*h, 3 = -3*h - 0. What is the remainder when w is divided by b?
6
Calculate the remainder when 49 is divided by 4 + ((-112)/24)/((-2)/12).
17
Let z = -121 + 209. Let o(p) be the first derivative of -3*p**2/2 + 39*p - 10. Calculate the remainder when z is divided by o(8).
13
Suppose -4*u + 116 + 188 = 0. What is the remainder when 88 is divided by u?
12
Let z = -160 + 498. What is the remainder when z is divided by 113?
112
Let w be -2*2*(-2 - -4). What is the remainder when (3 + (-2)/1)*103 is divided by (w/6)/(14/(-273))?
25
Let s(l) = -l**2 + 9. Let u be s(3). Suppose u = -11*a + 16*a - 55. Suppose 5*b - a = t - 0*t, -b = 4*t - 61. Calculate the remainder when 39 is divided by t.
11
Suppose 0 = 4*g - d - 231, -g = -2*g + 4*d + 54. Let n = 5 + 17. What is the remainder when g is divided by 4/n + 815/55?
13
Let m(n) = 9*n**2 - 7*n + 9. Let y(o) = 4*o - 11. Let t be y(4). What is the remainder when m(t) is divided by 40?
39
What is the remainder when (-22)/((1*4)/((-338)/13)) is divided by 34?
7
Let q(i) = 17*i**2 - 13*i - 24. What is the remainder when q(-2) is divided by 24?
22
Calculate the remainder when 144 is divided by -1*(1 - -4)/(1/(-3)).
9
Suppose 0 = -5*r - 2*s + 627, 2*s - 6*s = -5*r + 651. Calculate the remainder when r is divided by 22.
17
Let i be (-2)/4 - (-2)/4. Suppose i*o + 54 = 3*o + 3*a, -o = 3*a - 22. Let v(q) = 29*q + 1. Calculate the remainder when v(2) is divided by o.
11
Let k(j) = -2*j**2 - 72*j + 32. What is the remainder when k(-35) is divided by 39/((-6)/(-4) + 0)?
24
Suppose 2*x - x - 2 = 0. Suppose x*j - 110 = -3*j. Calculate the remainder when j is divided by 8.
6
Let q = 8 + -8. Suppose -3 = -3*z - q*z. Let h = z + 7. Calculate the remainder when 23 is divided by h.
7
Suppose -2*t + 38 = 5*f, -5*t - 263*f + 260*f + 76 = 0. Calculate the remainder when 248 is divided by t.
10
Let x = 57 - 29. Let v = 41 - 26. What is the remainder when x is divided by v?
13
Suppose -5*o + 4*p - 180 + 535 = 0, -155 = -2*o - p. Let t = -34 + 110. Calculate the remainder when o is divided by (t/8)/((-1)/(-2)).
18
Let y = -7 + 2. Let a = -1 - y. Let z(u) = 9*u**2 - u + 1. Calculate the remainder when z(1) is divided by a.
1
Let h be 4 + -3 - (1 - 0). Suppose -4*m = n - h*n - 196, 2*m - 108 = -3*n. Calculate the remainder when m is divided by 18.
12
Let u(g) = 13*g**2 - 2*g - 3. Let l(f) = -f**3 - 4*f**2 + 4*f + 2. What is the remainder when u(-2) is divided by l(-5)?
4
Calculate the remainder when ((-698)/4)/(9/(-18)) is divided by 35.
34
Let y(x) be the second derivative of x**5 + x**4/12 - x**3/6 + 20*x. Calculate the remainder when y(1) is divided by 14.
6
What is the remainder when -2 - -3 - (-1 - 372/6) is divided by (11/(-2))/((-22)/44)?
9
Suppose y - 65 = -g, -278 = -3*y + 3*g - 83. Let r = 98 - y. What is the remainder when r is divided by 12?
9
Suppose -90*r - 10374 = -57